{"id":190,"date":"2023-05-08T10:13:32","date_gmt":"2023-05-08T08:13:32","guid":{"rendered":"http:\/\/xfaoteb.cluster030.hosting.ovh.net\/?page_id=190"},"modified":"2023-07-03T19:11:22","modified_gmt":"2023-07-03T17:11:22","slug":"accueil","status":"publish","type":"page","link":"https:\/\/cap-viridis.com\/","title":{"rendered":"Accueil"},"content":{"rendered":"\n<div class=\"wp-block-columns is-layout-flex wp-container-core-columns-is-layout-1 wp-block-columns-is-layout-flex\">\n<div class=\"wp-block-column is-layout-flow wp-block-column-is-layout-flow\">\n<figure class=\"wp-block-image size-large is-resized\"><img loading=\"lazy\" decoding=\"async\" src=\"http:\/\/xfaoteb.cluster030.hosting.ovh.net\/wp-content\/uploads\/2023\/05\/pexels-pixabay-276272-682x1024.jpg\" alt=\"\" class=\"wp-image-204\" width=\"432\" height=\"648\" srcset=\"https:\/\/cap-viridis.com\/wp-content\/uploads\/2023\/05\/pexels-pixabay-276272-682x1024.jpg 682w, https:\/\/cap-viridis.com\/wp-content\/uploads\/2023\/05\/pexels-pixabay-276272-200x300.jpg 200w, https:\/\/cap-viridis.com\/wp-content\/uploads\/2023\/05\/pexels-pixabay-276272-768x1152.jpg 768w, https:\/\/cap-viridis.com\/wp-content\/uploads\/2023\/05\/pexels-pixabay-276272.jpg 1017w\" sizes=\"(max-width: 432px) 100vw, 432px\" \/><\/figure>\n<\/div>\n\n\n\n<div class=\"wp-block-column is-vertically-aligned-center is-layout-flow wp-block-column-is-layout-flow\">\n<h2 class=\"wp-block-heading\"><strong>\u00ab&nbsp;L\u2019erreur est humaine. Rejeter la faute sur un ordinateur l\u2019est d\u2019autant plus.&nbsp;\u00bb \u2014&nbsp;Robert&nbsp;Orden.<\/strong><\/h2>\n\n\n\n<p><strong>Cap Viridis<\/strong> <mark style=\"background-color:rgba(0, 0, 0, 0)\" class=\"has-inline-color has-neve-link-color-color\">s&rsquo;adresse aux PME, ETI, associations qui s&rsquo;engagent dans leur transformation num\u00e9rique<\/mark>. Notre expertise op\u00e9rationnelle nous permet de vous conseiller et de vous accompagner dans l&rsquo;\u00e9volution de vos processus. <\/p>\n\n\n\n<p>Nous voulons notre approche pragmatique, parce qu&rsquo;une Entreprise \u00e0 taille humaine, en accord avec sa capacit\u00e9 d&rsquo;investissement, doit avoir acc\u00e8s \u00e0 la puissance des outils du num\u00e9rique et de leurs efficacit\u00e9s.<\/p>\n\n\n\n<p>Nous vous accompagnons, dans votre contexte, en ayant pour objectif votre r\u00e9ussite. La transformation num\u00e9rique c&rsquo;est avant tout des femmes et des hommes qui travaillent ensemble autour de projet plus ou moins structur\u00e9s. Nous sommes l\u00e0 pour vous aider dans ce chemin&#8230;  <\/p>\n\n\n\n<p>  <\/p>\n\n\n\n<div class=\"wp-block-buttons is-layout-flex wp-block-buttons-is-layout-flex\">\n<div class=\"wp-block-button is-style-primary\"><a class=\"wp-block-button__link wp-element-button\" href=\"https:\/\/cap-viridis.com\/index.php\/services\/\">D\u00e9couvrez nos services&#8230;<\/a><\/div>\n<\/div>\n<\/div>\n<\/div>\n","protected":false},"excerpt":{"rendered":"<p>\u00ab&nbsp;L\u2019erreur est humaine. Rejeter la faute sur un ordinateur l\u2019est d\u2019autant plus.&nbsp;\u00bb \u2014&nbsp;Robert&nbsp;Orden. Cap Viridis s&rsquo;adresse aux PME, ETI, associations qui s&rsquo;engagent dans leur transformation num\u00e9rique. Notre expertise op\u00e9rationnelle nous permet de vous conseiller et de vous accompagner dans l&rsquo;\u00e9volution de vos processus. Nous voulons notre approche pragmatique, parce qu&rsquo;une Entreprise \u00e0 taille humaine, en&hellip;&nbsp;<a href=\"https:\/\/cap-viridis.com\/\" class=\"\" rel=\"bookmark\">Lire la suite &raquo;<span class=\"screen-reader-text\">Accueil<\/span><\/a><\/p>\n","protected":false},"author":1,"featured_media":0,"parent":0,"menu_order":0,"comment_status":"closed","ping_status":"closed","template":"","meta":{"inline_featured_image":false,"neve_meta_sidebar":"","neve_meta_container":"","neve_meta_enable_content_width":"","neve_meta_content_width":0,"neve_meta_title_alignment":"","neve_meta_author_avatar":"","neve_post_elements_order":"","neve_meta_disable_header":"","neve_meta_disable_footer":"","neve_meta_disable_title":"","_themeisle_gutenberg_block_has_review":false,"footnotes":""},"class_list":["post-190","page","type-page","status-publish","hentry"],"_links":{"self":[{"href":"https:\/\/cap-viridis.com\/index.php\/wp-json\/wp\/v2\/pages\/190"}],"collection":[{"href":"https:\/\/cap-viridis.com\/index.php\/wp-json\/wp\/v2\/pages"}],"about":[{"href":"https:\/\/cap-viridis.com\/index.php\/wp-json\/wp\/v2\/types\/page"}],"author":[{"embeddable":true,"href":"https:\/\/cap-viridis.com\/index.php\/wp-json\/wp\/v2\/users\/1"}],"replies":[{"embeddable":true,"href":"https:\/\/cap-viridis.com\/index.php\/wp-json\/wp\/v2\/comments?post=190"}],"version-history":[{"count":13,"href":"https:\/\/cap-viridis.com\/index.php\/wp-json\/wp\/v2\/pages\/190\/revisions"}],"predecessor-version":[{"id":397,"href":"https:\/\/cap-viridis.com\/index.php\/wp-json\/wp\/v2\/pages\/190\/revisions\/397"}],"wp:attachment":[{"href":"https:\/\/cap-viridis.com\/index.php\/wp-json\/wp\/v2\/media?parent=190"}],"curies":[{"name":"wp","href":"https:\/\/api.w.org\/{rel}","templated":true}]}}